 prime factors of 3069461548?
2, 59, 89, 317, 461
List the prime factors of 47935099.
47935099
List the prime factors of 98616126.
2, 3, 7, 335429
List the prime factors of 3733690759.
3733690759
List the prime factors of 65554417.
37, 1771741
What are the prime factors of 884929936?
2, 11, 5028011
What are the prime factors of 57627157?
7, 8232451
What are the prime factors of 5253884180?
2, 5, 19, 29, 476759
What are the prime factors of 5196377687?
5196377687
List the prime factors of 178492882.
2, 89, 1002769
List the prime factors of 21878561.
2969, 7369
What are the prime factors of 2245141934?
2, 7, 160367281
List the prime factors of 543721341.
3, 229, 791443
List the prime factors of 648623442.
2, 3, 108103907
List the prime factors of 2230520712.
2, 3, 7, 1823, 7283
List the prime factors of 1540163437.
1540163437
What are the prime factors of 716350083?
3, 29, 8233909
What are the prime factors of 27068442?
2, 3, 503, 8969
What are the prime factors of 390150785?
5, 109, 715873
List the prime factors of 64407604.
2, 251, 64151
What are the prime factors of 4277226175?
5, 6673, 25639
What are the prime factors of 121675755?
3, 5, 8111717
What are the prime factors of 1395086454?
2, 3, 77504803
List the prime factors of 59074980.
2, 3, 5, 984583
What are the prime factors of 4345629?
3, 53, 151, 181
What are the prime factors of 558724236?
2, 3, 7, 6651479
What are the prime factors of 7583573036?
2, 13, 41, 3557023
List the prime factors of 2608581291.
3, 29, 29983693
What are the prime factors of 106589745?
3, 5, 17, 139333
What are the prime factors of 271178577?
3, 17, 197, 2999
What are the prime factors of 40627463?
29, 1400947
List the prime factors of 885100330.
2, 5, 88510033
List the prime factors of 38338389.
3, 509, 8369
List the prime factors of 203418337.
43, 71, 66629
What are the prime factors of 197543148?
2, 3, 11, 37, 3677
List the prime factors of 400889900.
2, 5, 139, 151, 191
What are the prime factors of 10149599?
10149599
List the prime factors of 55014050.
2, 5, 7, 13, 107, 113
What are the prime factors of 332054?
2, 166027
What are the prime factors of 15314287?
15314287
List the prime factors of 235419929.
235419929
What are the prime factors of 63320749?
19, 853, 3907
What are the prime factors of 3001038947?
3001038947
What are the prime factors of 81083980?
2, 5, 151, 26849
List the prime factors of 920907777.
3, 151, 2032909
What are the prime factors of 37229386?
2, 109, 170777
What are the prime factors of 84734019?
3, 127, 8237
What are the prime factors of 1141486673?
1141486673
What are the prime factors of 376181502?
2, 3, 953, 65789
What are the prime factors of 71730024?
2, 3, 103, 29017
List the prime factors of 904367854.
2, 13, 5843, 5953
What are the prime factors of 3414670776?
2, 3, 11, 73, 19687
What are the prime factors of 562950810?
2, 3, 5, 19, 89, 137
What are the prime factors of 2333399420?
2, 5, 11, 10606361
What are the prime factors of 805134537?
3, 43, 2080451
What are the prime factors of 5746948726?
2, 2873474363
What are the prime factors of 276869701?
17, 109, 149417
What are the prime factors of 22041824?
2, 7, 19, 5179
List the prime factors of 8124905407.
179, 45390533
What are the prime factors of 329652990?
2, 3, 5, 167, 2437
List the prime factors of 20520071.
11, 13, 17, 23, 367
What are the prime factors of 37994872?
2, 29, 163771
What are the prime factors of 1124311392?
2, 3, 23, 169733
List the prime factors of 39987917.
53, 754489
List the prime factors of 5474883875.
5, 751, 58321
What are the prime factors of 80878953?
3, 19, 443, 3203
What are the prime factors of 325999671?
3, 3739, 29063
What are the prime factors of 1320683276?
2, 11, 23, 227, 5749
List the prime factors of 60718535.
5, 12143707
What are the prime factors of 54940746?
2, 3, 7, 151, 8663
What are the prime factors of 28962569?
59, 490891
What are the prime factors of 1396728997?
9539, 146423
List the prime factors of 3694645255.
5, 7, 31, 61, 55823
What are the prime factors of 68489882?
2, 1493, 22937
List the prime factors of 1322351283.
3, 11, 31, 117511
List the prime factors of 10037387.
10037387
What are the prime factors of 61358378?
2, 211, 145399
What are the prime factors of 1205011?
17, 73, 971
List the prime factors of 142701588.
2, 3, 47, 9371
What are the prime factors of 63545956?
2, 19, 836131
What are the prime factors of 68303169?
3, 11, 23, 101
What are the prime factors of 111213521?
29, 1039, 3691
What are the prime factors of 168962129?
7, 24137447
List the prime factors of 160963513.
160963513
List the prime factors of 1498299.
3, 11, 45403
List the prime factors of 476702303.
7, 11, 6190939
What are the prime factors of 65949083?
757, 87119
What are the prime factors of 1145820309?
3, 199, 1919297
List the prime factors of 32258734.
2, 151, 223, 479
List the prime factors of 433536553.
97, 151, 29599
What are the prime factors of 595986757?
20939, 28463
List the prime factors of 8552025504.
2, 3, 11, 107, 25229
What are the prime factors of 1038041955?
3, 5, 23067599
What are the prime factors of 140414222?
2, 13, 353, 15299
List the prime factors of 1471222916.
2, 367805729
What are the prime factors of 32276442?
2, 3, 11, 61, 8017
What are the prime factors of 231138898?
2, 83, 199, 6997
What are the prime factors of 273371508?
2, 3, 2671, 2843
List the prime factors of 127515861.
3, 11, 17, 75767
What are the prime factors of 60594950?
2, 5, 13, 71, 101
What are the prime factors of 35768491?
11, 3251681
What are the prime factors of 4885779140?
2, 5, 11, 23, 61, 1439
List the prime factors of 278267029.
593, 469253
List the prime factors of 22790958.
2, 3, 47, 80819
What are the prime factors of 1264579116?
2, 3, 105381593
What are the prime factors of 5983837195?
5, 7, 47, 3637591
List the prime factors of 32898609.
3, 1218467
List the prime factors of 37802478.
2, 3, 7, 23, 39133
What are the prime factors of 300620568?
2, 3, 43, 291299
List the prime factors of 484726599.
3, 7, 854897
What are the prime factors of 7591133882?
2, 2141, 1772801
List the prime factors of 32833695.
3, 5, 2188913
What are the prime factors of 1696875302?
2, 848437651
What are the prime factors of 142877?
7, 20411
What are the prime factors of 198980761?
7, 467, 60869
List the prime factors of 329331084.
2, 3, 27444257
List the prime factors of 24011997.
3, 59, 135661
List the prime factors of 1055453042.
2, 7, 653, 16493
List the prime factors of 520635044.
2, 3049, 42689
What are the prime factors of 151182409?
7, 47, 459521
List the prime factors of 72548448.
2, 3, 7, 47, 2297
List the prime factors of 33868050.
2, 3, 5, 41, 5507
What are the prime factors of 65635093?
383, 409, 419
What are the prime factors of 1666485122?
2, 83, 1307, 7681
List the prime factors of 8726357956.
2, 2181589489
List the prime factors of 63850504.
2, 17, 27617
List the prime factors of 13654903.
337, 40519
What are the prime factors of 42296407?
42296407
What are the prime factors of 3255761570?
2, 5, 325576157
What are the prime factors of 77083293?
3, 7, 3670633
What are the prime factors of 71244107?
11, 31, 208927
List the prime factors of 743475525.
3, 5, 13, 762539
What are the prime factors of 347500827?
3, 12870401
List the prime factors of 43832882.
2, 971, 22571
What are the prime factors of 3031598878?
2, 7, 11, 19685707
List the prime factors of 3597998840.
2, 5, 19, 71, 131, 509
What are the prime factors of 9342782?
2, 43, 108637
What are the prime factors of 880712511?
3, 7, 31, 1352861
What are the prime factors of 45243059?
103, 439253
List the prime factors of 3545407557.
3, 29, 4527979
What are the prime factors of 310834582?
2, 31, 233, 21517
What are the prime factors of 2927914392?
2, 3, 13, 9384341
List the prime factors of 2665148940.
2, 3, 5, 4935461
What are the prime factors of 351362570?
2, 5, 13, 2702789
List the prime factors of 678404184.
2, 3, 59, 73, 6563
What are the prime factors of 1874488358?
2, 19, 179, 275579
List the prime factors of 1967399975.
5, 78695999
What are the prime factors of 7130734842?
2, 3, 7, 11, 41, 487, 773
What are the prime factors of 32725457?
2309, 14173
What are the prime factors of 3118336250?
2, 5, 2494669
What are the prime factor